n divisor of 36 and z?
4
Let v = -13 - -35. Calculate the highest common divisor of v and 22.
22
Suppose i - 56 = -i. Suppose 0 = 6*x - 4*x - i. What is the greatest common factor of x and 14?
14
Let q = -167 + 284. Calculate the highest common factor of q and 13.
13
Suppose 6*q - 50 - 298 = 0. What is the highest common divisor of 2 and q?
2
Let t(p) = p**3 - 3*p**2 - 1. Let k be t(3). Let x be k + 2/((-2)/(-77)). Let b = 131 - x. Calculate the greatest common factor of b and 11.
11
Let r be ((-9)/6)/(6/8). Let b be (r - -4)/(4/8). Suppose -u + 2*u - b = 0. What is the highest common factor of 6 and u?
2
Let q(r) = -17*r + 2. Let n be (-94)/14 + (-10)/35. Let i be q(n). Suppose -12 = -s - j, -4*j = 5*s - 5 - 54. Calculate the highest common factor of i and s.
11
Suppose 166 = 3*x - 2*w, -5*w = 4*x - x - 131. Suppose -2*s - 2*d = -x, 0*d + d + 37 = 2*s. Let o = 2 - -5. Calculate the highest common factor of o and s.
7
Let g = -25 - -41. Calculate the highest common factor of g and 8.
8
Suppose 3*b = 2 + 4. Suppose y + w = 6*w + 3, 0 = -3*y - b*w + 26. What is the greatest common divisor of y and 40?
8
Let p(f) = 15*f**2 - f - 2. Suppose 3*v + 2 - 8 = 0. Let u be p(v). Calculate the greatest common divisor of 14 and u.
14
Let d(x) = 9*x + 14. Let n be d(4). Calculate the highest common factor of 10 and n.
10
Suppose -2*q = 2, 3*q + 4 = n - 0*q. Suppose 4*i - 5*x = 41 + n, -3*x = -5*i + 59. Let d be (-1)/(-4) + 467/4. Calculate the greatest common factor of i and d.
13
Let t be 6/1*(-9)/(-6). Calculate the greatest common factor of 3 and t.
3
Suppose -465 = -9*c - 105. What is the greatest common divisor of 16 and c?
8
Let x(b) = -b**2 - 2*b. Let v(t) = -2*t**2 - 3*t - 1. Let s(h) = -6*v(h) + 10*x(h). Let j be s(4). What is the greatest common divisor of 20 and j?
10
Suppose 2*x + 4 = 3*k + x, -5*k + 5*x + 10 = 0. Let h be k - 1 - 12/(-4). What is the greatest common divisor of h and 21?
3
Suppose 2*p = p + 57. What is the highest common factor of 627 and p?
57
Let q be -1 + -1 + (-506)/(-11). Calculate the greatest common divisor of 4 and q.
4
Suppose 2*y = -y - 87. Let z = -19 - y. Calculate the greatest common divisor of 90 and z.
10
Suppose 2*m - m = 45. Let g be 21 - 8 - 4/1. What is the greatest common factor of g and m?
9
Let l(y) = y**2 - y - 1. Suppose 0 = -3*b - b - 4. Let i be l(b). What is the greatest common factor of 8 and i?
1
Let w be 32/5 - 2/5. Let p be (-8)/(-48) + 38/(-12). Let i = p - -18. Calculate the greatest common factor of w and i.
3
Let y(o) = -o**2 - 11*o - 1. Let p be y(-8). What is the greatest common divisor of 92 and p?
23
Suppose -5*x + 73 - 23 = 0. Suppose 8 = -2*q - x. Let o = q - -17. What is the greatest common divisor of o and 40?
8
Let g(n) = 9*n**2 - 1. Let t be g(2). Calculate the highest common divisor of 14 and t.
7
Let l(a) = 2*a - 6. Let k be l(6). Suppose 0*p + 330 = 5*p. Calculate the highest common factor of k and p.
6
Let t(m) = 11*m - 2. Let r be t(4). Let j be (144/28)/(9/r). What is the highest common factor of 24 and j?
24
Let g(k) = -11*k**2 + 2 + 2*k**2 + k**3 + 2. Let v be g(9). Suppose -v*b + 41 = -35. Calculate the greatest common divisor of 19 and b.
19
Let b(g) = 14*g**3 + 2*g + 1. Let a be b(2). What is the greatest common factor of a and 13?
13
Let y be 280/12*(-2 + 5). Suppose 2*b + y = 3*l, b + 20 - 106 = -4*l. What is the greatest common factor of 2 and l?
2
Let m = 46 - -8. Calculate the highest common divisor of 81 and m.
27
Suppose 0 = l - 3*k - 15, -3*k - 47 = -3*l + 4. Let d = 58 + -13. What is the greatest common factor of d and l?
9
Suppose 0 = -3*s - 4*q - q + 15, -3*s = 2*q - 24. Suppose -8 = 27*t - 62. Calculate the highest common divisor of s and t.
2
Suppose 40*h - 45 = 37*h. What is the greatest common divisor of h and 6?
3
Suppose -15 = -d - j, -5*j - 6 = -1. Let n be d - 2 - 1*2. Let a = -68 + 98. What is the highest common divisor of n and a?
6
Suppose 2*r = -3*c - 23, -r = 3*r + 4. Let i(n) = 2*n**2 + 4*n - 1. Let h be i(c). What is the greatest common divisor of 46 and h?
23
Suppose 0 = -4*a - a - 15, 38 = 5*o + 4*a. Let t be (2 - 12)/((-1)/(-7)). Let w = t + 160. Calculate the greatest common divisor of w and o.
10
Let g = -9 - -9. Suppose -2*c = 2*c - 2*w + 8, 2*c - 5*w + 4 = g. Let u be 116/8 + 1/c. Calculate the highest common divisor of 14 and u.
14
Let j be 67 + (3 - 1) + -3. What is the greatest common factor of 11 and j?
11
Let r = -11 - -14. Suppose -166 = -2*q - r*g + 208, 748 = 4*q - 2*g. Let i be -2 + 1 + 0 - -18. What is the greatest common divisor of q and i?
17
Let l(x) = -x + 8. Let n be l(-7). Suppose j + 13 - 4 = 0. Let r be 2/j + 274/18. What is the highest common divisor of n and r?
15
Let m be (8/7)/((-6)/(-21)). What is the greatest common divisor of 12 and m?
4
Let o = -28 + 52. Calculate the greatest common factor of o and 3.
3
Suppose 0 = -16*p + 6*p + 380. Calculate the greatest common divisor of 95 and p.
19
Suppose -3*z = -4*z. Let b = 8 + z. What is the highest common factor of b and 64?
8
Let j = -4 - 2. Let d = 41 + j. Calculate the highest common divisor of 7 and d.
7
Let z be 7 - 36/(3 + 3). Let c be (0 + 0)/(2/(-1)). Let n be c + -2*(-2)/4. Calculate the greatest common factor of n and z.
1
Let z(a) = -a + 4. Let l be z(-8). What is the greatest common factor of 24 and l?
12
Let p = 9 - -2. Let x(m) = -23*m + 5 - 5 - 2. Let v be x(-2). What is the highest common factor of v and p?
11
Let a be (18/(-8))/((-27)/288). What is the greatest common divisor of 3 and a?
3
Let d(i) be the second derivative of i**3 - i**2/2 + i. Let j be d(-5). Let b = 11 - j. Calculate the greatest common divisor of b and 6.
6
Let o(s) be the third derivative of 0 + 5/24*s**4 - 1/3*s**3 + 0*s + 3*s**2 - 1/60*s**5. Let u be o(3). What is the highest common divisor of u and 8?
4
Suppose 9*j + 8 = 13*j. What is the highest common factor of j and 8?
2
Let r be 3/12 + 46/8. Suppose 5*p - 218 = -4*u, -5*p + 221 = 4*u - u. Let n be 3/12 - p/(-8). Calculate the greatest common divisor of n and r.
6
Let t(p) = p + 1. Let w(l) = -2*l - 1. Let g(y) = -4*t(y) - 3*w(y). Suppose 6*f - 42 = -0*f. Let a be g(f). What is the highest common divisor of a and 117?
13
Let r(s) = s**2 + 13*s + 14. Let t be r(-15). What is the greatest common divisor of 4 and t?
4
Let u = 332 + -212. Calculate the greatest common divisor of u and 15.
15
Suppose -5*h + 10 = -5. Suppose h - 48 = -f. What is the highest common divisor of 18 and f?
9
Let j = -22 - -25. Suppose -24 = -z - 3*t, -j*z + t + 37 = 3*t. Suppose 0*l - 2*l = -72. Calculate the greatest common divisor of z and l.
9
Let v be (0 - 0)/(-1 + -1). Let q be -1 - ((v - 1) + -44). What is the highest common factor of 11 and q?
11
Suppose -3*d = 5*h - 48, 8*d - 5*d = 3*h - 48. Let m be -1*3*8/6. Let g be m/18 + (-868)/(-18). What is the highest common divisor of g and h?
12
Suppose 4*u + 3 = 3*u, 38 = -2*f + 4*u. Let d be f/(-5) + (-3 - 1). What is the highest common factor of d and 2?
1
Suppose 9*m - 4*m - 25 = 0. What is the highest common divisor of 25 and m?
5
Suppose 175 = -18*t + 23*t. What is the highest common factor of t and 5?
5
Let d(f) = f**2 + 5*f + 2. Let a be d(-8). Let q = a - 14. What is the greatest common factor of 4 and q?
4
Let y = 39 + -17. Calculate the greatest common factor of 2 and y.
2
Suppose 0 = -8*k + 500 - 68. What is the greatest common factor of 36 and k?
18
Let j = 4 - -2. Let q = 25 - 23. What is the highest common factor of j and q?
2
Let w(i) = -i**3 - 9*i**2 + 9*i + 3. Let g be w(-10). Let l = -7 + g. Calculate the greatest common divisor of l and 2.
2
Let i = 91 + -89. Calculate the greatest common factor of 16 and i.
2
Suppose -3 = -4*f + 5. Suppose d = 28 - f. Calculate the greatest common divisor of 104 and d.
26
Let g(m) = m**3 - 8*m**2 - m + 10. Let c be g(8). Let t be 16 + (2 - 2 - -2). What is the highest common divisor of c and t?
2
Suppose 0 = -4*n + n + 45. Calculate the greatest common divisor of n and 3.
3
Let t be (-3 + (-20)/(-8))*-60. Let l be 338/12 + (-5)/t. What is the greatest common divisor of l and 7?
7
Let f(l) be the second derivative of l**3/6 + l**2 + 6*l. Let d be f(4). Calculate the greatest common divisor of d and 48.
6
Let t(l) = -4*l - 4 + 2 + 0 - 8*l. Let c be